{"id":119,"date":"2014-07-06T20:17:56","date_gmt":"2014-07-06T19:17:56","guid":{"rendered":"http:\/\/kurse.theo-gremme.de\/?page_id=119"},"modified":"2014-07-06T20:22:43","modified_gmt":"2014-07-06T19:22:43","slug":"vortragsskripte","status":"publish","type":"page","link":"http:\/\/kurse.theo-gremme.de\/?page_id=119","title":{"rendered":"Vortragsskripte"},"content":{"rendered":"<p>Zu einigen Kursen sind als erg\u00e4nzendes Material Vortragsskripte als E-Shorts im Online-Buchhandel erh\u00e4ltlich.<\/p>\n<p>Die digitalen Ausgaben (E-Book und E-Short) sind unter Angabe der ISBN im Internet schnell zu finden \u2013 zum Beispiel bei: Apple iBookstore (Apple iTunes), amazon.de, eBook.de, und weitere, unter anderem Thalia.de, Buch.de, Buecher.de, Spiegel.de, Mediamarkt.de, Weiland.de, Mayersche.de, Pubbles.de. Die Verf\u00fcgbarkeit in weiteren E-Book-Shops wird sukzessive ausgebaut. Markieren Sie einfach die gew\u00fcnschte ISBN Nummer und f\u00fcgen Sie sie mit kopieren und einf\u00fcgen im Suchfeld des jeweiligen Online-Buchh\u00e4ndlers ein.<\/p>\n<table style=\"height: 341px;\" width=\"7\">\n<tbody>\n<tr>\n<td width=\"60%\"><strong>Titel<\/strong><\/td>\n<td width=\"16%\">\u00a0<strong>ISBN<\/strong><\/td>\n<td width=\"12%\">\u00a0<strong>Preis<\/strong><\/td>\n<td width=\"10%\">\u00a0<strong>Format<\/strong><\/td>\n<\/tr>\n<tr>\n<td width=\"60%\"><strong>\u00a0\u201eDie biochemische Hausapotheke\u201c\u00a0<\/strong><\/td>\n<td width=\"16%\">\u00a0<strong>9783734710094<\/strong><\/td>\n<td width=\"12%\">\u00a02,99 EUR<\/td>\n<td width=\"10%\">\u00a0E-Short<\/td>\n<\/tr>\n<tr>\n<td width=\"60%\">\u00a0<strong>\u201eDie hom\u00f6opathische Hausapotheke\u201c<\/strong><\/td>\n<td width=\"16%\">\u00a0<strong>9783734713057<\/strong><\/td>\n<td width=\"12%\">\u00a02,99 EUR<\/td>\n<td width=\"10%\">\u00a0E-Short<\/td>\n<\/tr>\n<tr>\n<td width=\"60%\"><\/td>\n<td width=\"16%\"><\/td>\n<td width=\"12%\"><\/td>\n<td width=\"10%\"><\/td>\n<\/tr>\n<tr>\n<td width=\"60%\"><\/td>\n<td width=\"16%\"><\/td>\n<td width=\"12%\"><\/td>\n<td width=\"10%\"><\/td>\n<\/tr>\n<tr>\n<td width=\"60%\"><\/td>\n<td width=\"16%\"><\/td>\n<td width=\"12%\"><\/td>\n<td width=\"10%\"><\/td>\n<\/tr>\n<tr>\n<td width=\"60%\"><\/td>\n<td width=\"16%\"><\/td>\n<td width=\"12%\"><\/td>\n<td width=\"10%\"><\/td>\n<\/tr>\n<tr>\n<td width=\"60%\"><\/td>\n<td width=\"16%\"><\/td>\n<td width=\"12%\"><\/td>\n<td width=\"10%\"><\/td>\n<\/tr>\n<\/tbody>\n<\/table>\n","protected":false},"excerpt":{"rendered":"<p>Zu einigen Kursen sind als erg\u00e4nzendes Material Vortragsskripte als E-Shorts im Online-Buchhandel erh\u00e4ltlich. Die digitalen Ausgaben (E-Book und E-Short) sind unter Angabe der ISBN im Internet schnell zu finden \u2013 zum Beispiel bei: Apple iBookstore (Apple iTunes), amazon.de, eBook.de, und weitere, unter anderem Thalia.de, Buch.de, Buecher.de, Spiegel.de, Mediamarkt.de, Weiland.de, Mayersche.de, Pubbles.de. Die Verf\u00fcgbarkeit in weiteren&#8230;<\/p>\n","protected":false},"author":1,"featured_media":0,"parent":0,"menu_order":0,"comment_status":"closed","ping_status":"closed","template":"","meta":{"footnotes":""},"class_list":["post-119","page","type-page","status-publish","hentry"],"_links":{"self":[{"href":"http:\/\/kurse.theo-gremme.de\/index.php?rest_route=\/wp\/v2\/pages\/119","targetHints":{"allow":["GET"]}}],"collection":[{"href":"http:\/\/kurse.theo-gremme.de\/index.php?rest_route=\/wp\/v2\/pages"}],"about":[{"href":"http:\/\/kurse.theo-gremme.de\/index.php?rest_route=\/wp\/v2\/types\/page"}],"author":[{"embeddable":true,"href":"http:\/\/kurse.theo-gremme.de\/index.php?rest_route=\/wp\/v2\/users\/1"}],"replies":[{"embeddable":true,"href":"http:\/\/kurse.theo-gremme.de\/index.php?rest_route=%2Fwp%2Fv2%2Fcomments&post=119"}],"version-history":[{"count":3,"href":"http:\/\/kurse.theo-gremme.de\/index.php?rest_route=\/wp\/v2\/pages\/119\/revisions"}],"predecessor-version":[{"id":122,"href":"http:\/\/kurse.theo-gremme.de\/index.php?rest_route=\/wp\/v2\/pages\/119\/revisions\/122"}],"wp:attachment":[{"href":"http:\/\/kurse.theo-gremme.de\/index.php?rest_route=%2Fwp%2Fv2%2Fmedia&parent=119"}],"curies":[{"name":"wp","href":"https:\/\/api.w.org\/{rel}","templated":true}]}}